
In base 12, what is 2 - 770?
-76a
In base 6, what is -3 + 4?
1
In base 3, what is 1102211 + 1?
1102212
In base 9, what is 1 - 250?
-248
In base 4, what is -223321 - 3?
-223330
In base 7, what is -4 - 62?
-66
In base 10, what is 18 - 16?
2
In base 2, what is -11 - 101101111?
-101110010
In base 11, what is -7 + -2307?
-2313
In base 7, what is 2 + -5?
-3
In base 11, what is -2 + 225?
223
In base 5, what is -1 + -2240?
-2241
In base 10, what is 128 + 10?
138
In base 7, what is 501 + 165?
666
In base 2, what is -1010 - -10101011?
10100001
In base 12, what is 7 - -596?
5a1
In base 14, what is -319 + 5?
-314
In base 9, what is 2 - 311?
-308
In base 8, what is 14 - 24?
-10
In base 15, what is 8 + -bb?
-b3
In base 4, what is -2 + 30?
22
In base 11, what is 1 - -1579?
157a
In base 5, what is 33131 + 10?
33141
In base 10, what is -309 + -2?
-311
In base 6, what is -441 + 0?
-441
In base 10, what is 4 - 2?
2
In base 14, what is 1 - -d5?
d6
In base 11, what is -70 - 1?
-71
In base 14, what is -1d - 3b?
-5a
In base 3, what is -2 + 10121?
10112
In base 16, what is 8 + -12?
-a
In base 16, what is 0 - 122e?
-122e
In base 5, what is 33023 + 10?
33033
In base 7, what is 1162 - -43?
1235
In base 14, what is 0 + 32?
32
In base 12, what is -2 - 14?
-16
In base 10, what is 3 + -54?
-51
In base 2, what is -110 - -1101010111000?
1101010110010
In base 16, what is 12 - 80?
-6e
In base 13, what is -6 + 2?
-4
In base 9, what is 24 + 517?
542
In base 5, what is 1 + 202?
203
In base 9, what is -4 - 201?
-205
In base 4, what is -123 + -13?
-202
In base 16, what is -2 + -38f?
-391
In base 14, what is 0 - 168?
-168
In base 16, what is -4 + 108?
104
In base 4, what is 31 - -22?
113
In base 8, what is 12605 + 3?
12610
In base 12, what is 105 + 0?
105
In base 14, what is -13 + 1d?
a
In base 16, what is -2f + 5?
-2a
In base 7, what is 2 + -50?
-45
In base 3, what is 20220 - 200?
20020
In base 8, what is -4 + -54?
-60
In base 9, what is -732 + -7?
-740
In base 14, what is -ca - 4?
-d0
In base 11, what is 6 + -4?
2
In base 2, what is 1 - 10110?
-10101
In base 10, what is -570 + -3?
-573
In base 4, what is -10131 + 11?
-10120
In base 16, what is -23f - 0?
-23f
In base 16, what is 1 - -2e3?
2e4
In base 16, what is 83 + -4?
7f
In base 6, what is -5 - 100503?
-100512
In base 13, what is 89a + 5?
8a2
In base 4, what is -10203 + 0?
-10203
In base 8, what is 6 - 30?
-22
In base 2, what is 10100110110110 - 1?
10100110110101
In base 8, what is 1 - 477?
-476
In base 11, what is 1 - -3022?
3023
In base 8, what is 1731 - 2?
1727
In base 16, what is -c08 + -8?
-c10
In base 16, what is 1b0 - -24?
1d4
In base 6, what is -431 - 25?
-500
In base 3, what is -21002 + -2011?
-100020
In base 9, what is 14 + 1132?
1146
In base 16, what is -4508 + 3?
-4505
In base 11, what is 8a4 - 2?
8a2
In base 9, what is -16 - -5?
-11
In base 14, what is -7 - 27?
-30
In base 2, what is 1 - 1110?
-1101
In base 11, what is -390 + -3?
-393
In base 13, what is 9 + -1b?
-12
In base 14, what is 911 - 3?
90c
In base 8, what is 13 - -105?
120
In base 8, what is -156 - 2?
-160
In base 9, what is -5 + 7?
2
In base 16, what is a8 + 7?
af
In base 4, what is 112 + -1302?
-1130
In base 13, what is 1c30 + -3?
1c2a
In base 3, what is -120001 + 11?
-112220
In base 13, what is -47 - -b9?
72
In base 13, what is -4a + a4?
57
In base 2, what is -11011 + -1?
-11100
In base 3, what is 10111220 + -101?
10111112
In base 13, what is 0 + -6?
-6
In base 11, what is -58 - -14?
-44
In base 14, what is 15 - 13?
2
In base 15, what is 3 + 1329?
132c
In base 6, what is 405 + 24?
433
In base 13, what is 0 - 14a?
-14a
In base 2, what is -101 - 1100001?
-1100110
In base 15, what is 11 + -b?
5
In base 4, what is -2013 - 3?
-2022
In base 11, what is 3 - -695?
698
In base 12, what is 4 - -16?
1a
In base 4, what is 12 - -133?
211
In base 14, what is -100 + -1?
-101
In base 16, what is -4 + -15e?
-162
In base 3, what is 11 - -1112?
1200
In base 13, what is a + 4?
11
In base 11, what is 22 + 5?
27
In base 10, what is -16 - 8?
-24
In base 16, what is 2 + e?
10
In base 8, what is -5 + -165?
-172
In base 7, what is -4 - 122?
-126
In base 8, what is -5 + -466?
-473
In base 2, what is -100 + 11001010011?
11001001111
In base 4, what is -11 + -20?
-31
In base 15, what is -c + -5?
-12
In base 5, what is -24 + -11?
-40
In base 3, what is -11 + -11001?
-11012
In base 3, what is 1 + -1112?
-1111
In base 4, what is -203 + -231?
-1100
In base 15, what is -78c3 + -1?
-78c4
In base 12, what is -681 - -5?
-678
In base 4, what is 301011 + -1?
301010
In base 16, what is -11 + 9b?
8a
In base 3, what is 200121101 + -1?
200121100
In base 14, what is 8a - -3?
8d
In base 14, what is 192 + -6?
18a
In base 9, what is 122 - -24?
146
In base 9, what is -148 + 5?
-143
In base 10, what is -7861 - 5?
-7866
In base 5, what is 4 - -430?
434
In base 15, what is -3 + -10?
-13
In base 7, what is -503 + 1?
-502
In base 12, what is -2a + -67?
-95
In base 6, what is 125 - 14?
111
In base 2, what is -11 + -10000?
-10011
In base 7, what is -12261 - -3?
-12255
In base 5, what is -44 - 14?
-113
In base 6, what is 4 - 50?
-42
In base 11, what is 81 - 7?
75
In base 10, what is 4 - -30?
34
In base 11, what is -432 - -2?
-430
In base 8, what is -10346 + 5?
-10341
In base 8, what is -2 - 175?
-177
In base 15, what is 4 - -183?
187
In base 8, what is -53 + 116?
43
In base 6, what is 243323 + 4?
243331
In base 8, what is 12 + 201?
213
In base 15, what is -ec + -6?
-103
In base 2, what is 10 - -11001110110?
11001111000
In base 2, what is -1001100111 + -100?
-1001101011
In base 6, what is -40 + -11?
-51
In base 13, what is 1 - -25b?
25c
In base 8, what is -5 - -256?
251
In base 8, what is -23057 + -1?
-23060
In base 9, what is -2 - -645?
643
In base 8, what is -2 - 2012?
-2014
In base 5, what is -2004 - -3?
-2001
In base 13, what is 139 - 0?
139
In base 4, what is -12 + -130031?
-130103
In base 16, what is 584 - -2?
586
In base 4, what is -113 + -20?
-133
In base 13, what is -1 + -45?
-46
In base 10, what is -18131 + 5?
-18126
In base 4, what is 110 + -33200?
-33030
In base 5, what is -10 + -3400?
-3410
In base 16, what is 5 - -16c?
171
In base 6, what is -1450 - -4?
-1442
In base 3, what is -10 - 20002001?
-20002011
In base 6, what is -2 + 30211?
30205
In base 9, what is 220 + 4?
224
In base 9, what is -73 + 3?
-70
In base 13, what is -5 + 43?
3b
In base 7, what is -4 + -25?
-32
In base 3, what is 10 + 22?
102
In base 11, what is -1361 + -3?
-1364
In base 9, what is 457 - 7?
450
In base 2, what is 1 + 100000010111?
100000011000
In base 10, what is -821 + 4?
-817
In base 9, what is 4 - -2040?
2044
In base 9, what is -287 - -1?
-286
In base 14, what is 5 - -33?
38
In base 7, what is 5154 - 3?
5151
In base 3, what is -2 - -1110?
1101
In base 16, what is -2 - -12a?
128
In base 9, what is 0 + 655?
655
In base 15, what is 2 - 39?
-37
In base 4, what is -2 + -1120312?
-1120320
In base 4, what is -100 + 33003?
32303
In base 10, what is 453 + -2?
451
In base 14, what is 4 - -10d?
113
In base 5, what is 10 + 341?
401
In base 14, what is -5 - -1ba?
1b5
In base 2, what is 11 + 111110101?
111111000
In base 6, what is -40 + -12?
-52
In base 11, what is -4 + -248?
-251
In base 14, what is 3 - -16a4?
16a7
In base 13, what is 379 - 5?
374
In base 15, what is 0 + -18?
-18
In base 2, what is -100110100 + -100011?
-101010111
In base 4, what is -311 - -2?
-303
In base 10, what is 62 + 140?
202
In base 2, what is 111 - -10101?
11100
In base 8, what is 14 + 115?
131
In base 6, what is -3 - -101?
54
In base 3, what is 1002 - -211?
1220
In base 6, what is -32 + -1111?
-1143
In base 12, what is 769 - 15?
754
In base 2, what is -100 + -100101001?
-100101101
In base 2, what is -101 - -110010011?
110001110
In base 14, what is 3 + 265?
268
In base 14, what is 1d + -195?
-176
In base 8, what is -12 - -54?
42
In base 10, what is 3 + 346?
349
In base 4, what is -2 + -302?
-310
In base 2, what is 0 - 100110?
-100110
In base 3, what is -2221 + 2?
-2212
In base 3, what is 121012010 - 1?
121012002
In base 9, what is -71 - 176?
-257
In base 7, what is 5 - 3432?
-3424
In base 8, what is -61 + 14?
-45
In base 4, what is -10 + 1333?
1323
In base 9, what is 17 + -3?
14
In base 11, what is -179 - 6?
-184
In base 11, what is 2 - 182?
-180
In base 